hundreds digit of p?
1
Let g(j) = -4*j**2 - 40*j + 1. Let m be g(-10). What is the units digit of 378 - (-6)/6*m?
9
Suppose 4*u = 20, -47 - 51 = -l - 2*u. What is the tens digit of ((-1218)/(-4) - -1)*l/44?
1
Let t = -189 + 193. Suppose 0 = -6*s - t*s + 770. What is the units digit of s?
7
Let g = 1927 + -894. Suppose q = 1, 2*p + p - g = 5*q. What is the tens digit of p?
4
Suppose 105 = -10*x + 5*x. Let j(k) = -10*k + 101. What is the hundreds digit of j(x)?
3
Let n be (109 - (-1 - -1))/(-1). Let t = 14712 - 14706. Let g = t - n. What is the units digit of g?
5
Let f(o) = 12*o**3 - 82*o**2 - 9*o - 14. What is the hundreds digit of f(8)?
8
Let i be -6 + ((-208)/(-14) - 37/(-259)). Suppose 9*q + i*q - 2448 = 0. What is the units digit of q?
6
Let w = -13127 - -26324. What is the tens digit of w?
9
Let v be (2 - 6/2)*53. Let z = v + 57. Suppose -4*a = -2*b + 110 + 16, z*b = 2*a + 228. What is the units digit of b?
5
Suppose f + 95 + 374 = s, -5*s + 25 = 0. Let v be (-6)/(-27) + (-6352)/(-9). Let l = f + v. What is the units digit of l?
2
Let r be (2 - 1)*-1*5805/(-9). Suppose -n + r = -q - 3*q, 3*n - 3*q - 1926 = 0. What is the hundreds digit of n?
6
Let n(l) = -55*l**3 - 5*l**2 + 33*l - 178. What is the units digit of n(-7)?
1
Let k be (4/6)/(7/((-21)/(-2))). Let y be (5 - k) + (2 - 1) + -4. What is the units digit of (-3)/y + 4/1 - -100?
1
Suppose 112*t - 2311521 = -212845 - 77300. What is the units digit of t?
8
Let m(i) = 237*i**2 + 161*i + 82. What is the hundreds digit of m(-16)?
1
What is the hundreds digit of 19988/(-6)*(-1 + -2) + (-394 - -396)?
9
Suppose 5211 = 5*t - 2*y, 2*t - 1773 - 321 = 4*y. Suppose -12*c + t = -4203. What is the tens digit of c?
3
Let l(q) = q**2 + 5*q - 5. Let w(p) = -p**2 + 8*p - 21. Let g be w(5). Let c be l(g). What is the units digit of (39/c + -3)/(6/16)?
6
Suppose -10*i + 78 = -12. Suppose 0 = 12*g - i*g + 18. Let f(k) = 3*k**2 - 10*k - 14. What is the hundreds digit of f(g)?
1
What is the tens digit of -5*44/(-550)*(3 - -17242)?
9
Let o be (-4)/14 - (-3110)/7. Suppose -5*c + 3*v + 43 = 0, 4*c + 5*v = -12 + 2. Suppose 5*u = 15, c*t + u + 2*u - o = 0. What is the units digit of t?
7
Suppose -4*q + 11*q - 2*q - 8785 = 0. What is the units digit of q?
7
Let d(a) = 9632*a**2 - 54*a. What is the tens digit of d(2)?
2
Let o = 875 - 1062. Suppose 2*z - 95 = -2*k - 349, 124 = -k + 2*z. Let v = k - o. What is the units digit of v?
1
Let s(z) = -3*z**3 - 4*z**2 - 14*z + 6. Let x be ((-88)/14 - -8)/(4/(-14)). What is the tens digit of s(x)?
9
Let g(l) = 10*l**2 - 6*l + 24. Suppose -56 = q - 5*q - 4*n, -5*q - 4*n = -66. What is the hundreds digit of g(q)?
9
Let k = -164 + 168. What is the hundreds digit of 2492/k - (-2 + (4 - -1))?
6
Suppose 359*m - 7924435 - 11367288 + 138355 = 0. What is the units digit of m?
2
Suppose -7*k - 374 = 27*k. Let r(y) = 4*y + 23. Let c(q) = 4*q + 22. Let p(x) = 6*c(x) - 7*r(x). What is the units digit of p(k)?
5
What is the units digit of (-7588555)/(-845) + 6/13?
1
Let l be 5/15 - (-8)/((-144)/870). What is the units digit of 32/l*(5239/(-2) + -1)?
7
Let q = 39655 - 13032. What is the thousands digit of q?
6
Suppose -3*z + 76 + 413 = 0. Let i(b) = -2*b**3 - 26*b**2 + 141*b + 49. Let o be i(-17). Let c = z + o. What is the tens digit of c?
2
Suppose -21*h = -17*h - 11265 - 14563. What is the thousands digit of h?
6
Suppose -58 = 5*u - 48. What is the units digit of ((-16)/u - (14 - 11)) + 713?
8
Suppose -33556 - 932 = -12*f. Suppose 0 = 9*d + f - 9228. What is the tens digit of d?
0
Suppose -3*x + 9*x = -4*x. Suppose 4*f - 4*u - u = 239, x = -2*u - 6. Let j = -52 + f. What is the units digit of j?
4
Suppose 8*u + 5182 = -5074. What is the tens digit of u/(-10) + 9/180*-4?
2
Suppose -5 = 3*j - 2*i - 15, 3*j + 2*i + 10 = 0. Suppose j*x - 24 = -a + 4*x, -x - 5 = 0. Suppose 58 - 538 = -a*b. What is the tens digit of b?
2
What is the hundreds digit of (-10 - 35895/6)*40/(-15)*1?
9
Suppose -20*b = -116*b + 115488. What is the tens digit of b?
0
Suppose -37*s + 41*s = -136. Let d = s + 302. What is the hundreds digit of d?
2
Let r be -2 + (-6)/18*3. Let x(l) = -38*l - 65*l + 6*l - 5. What is the hundreds digit of x(r)?
2
Let q(m) = 8*m + 27. Let s be 2/3*(-27)/6. Let u be q(s). What is the hundreds digit of ((-15)/10)/(u/(-360))?
1
Let s = -81 - -125. Let d = s + -38. Suppose 3*f - d*f - i = -439, -3*f + 3*i = -459. What is the units digit of f?
8
Let y = 10 + -7. Let z(l) = -7*l**y - 7*l**3 - 5*l**3 + 7*l**2 + l + 18*l**3 - 8. What is the tens digit of z(6)?
3
Let j(o) = o**3 - 4*o + 6. Suppose -3*w - 2 = -23. Let r be j(w). Suppose 0 = -f + 1, 0*f + r = 2*z + 5*f. What is the units digit of z?
8
Let d(n) = 2*n**2 + 23*n + 78. Let z be d(-10). What is the units digit of -2757*4*(-4)/z?
9
Suppose -31500 = -122*m + 115*m. Suppose 3*t - 9*l = -13*l + m, -5*t + 7500 = 5*l. What is the thousands digit of t?
1
Suppose 0 = 9*w + 5*x - 111538, -2*x + 6520 = w - 5876. What is the hundreds digit of w?
3
Let k(f) = 5482*f**2 + 20*f. What is the thousands digit of k(-2)?
1
Let g(d) = -2*d**2 + 28*d + 12. Suppose 11*r + 2*r = 78. Suppose 12*k - r*k - 84 = 0. What is the tens digit of g(k)?
1
Suppose 2*x - 23834 = 4*c - 2*c, 0 = 4*x - 5*c - 47668. What is the hundreds digit of x?
9
Suppose 4*n - 22 = 2*n. Suppose 0 = -5*x + 6*x - 4, 0 = -3*q - x + 1984. Suppose 5*r - n*r = -q. What is the tens digit of r?
1
Suppose 0 = x - 30 + 219. Let s = 40 - x. What is the tens digit of s?
2
Suppose -254*f = -211*f + 156789 - 1129664. What is the tens digit of f?
2
Suppose 3*w + 4*v - 12822 = 0, -3*w + 4284 = -2*w - 2*v. What is the tens digit of w?
7
What is the units digit of (3/6 - 2)/(2 + (-55302)/27648)?
2
Suppose 32*r + 90*r - 763110 = 0. What is the thousands digit of r?
6
Let d(l) = 4*l + 20. Let y be d(-5). Suppose y = w + 4*h - 204, -4*h - 741 = -5*w + 231. What is the tens digit of w?
9
Let r = 2282 + 14661. What is the thousands digit of r?
6
Let y be 6/12*(13 - 7). Suppose 4*z - 2756 = 4*i, y*i = 5*z + i - 3451. What is the units digit of z?
1
What is the hundreds digit of (-145975)/(-15) - (1/2 - 1/(-6))?
7
Let x(u) = -289*u - 590. What is the tens digit of x(-17)?
2
Let c(s) = -6*s + 184. Let u be c(-6). What is the hundreds digit of -410*11/(u/(-16))?
3
Let z(w) = 16*w**2 + 7*w + 54. Let b be -12*(-15 + 14 + 6/4). What is the units digit of z(b)?
8
Let u(j) = -j**2 + 31*j - 30. Let y be 13 + 4*7/(-14). What is the tens digit of u(y)?
9
Let o = -44 + 46. Suppose r - 206 = -4*u + 3*r, o*u = -2*r + 94. What is the tens digit of u?
5
Let i = 80 + -77. Suppose v - 2 = -m, -i*m + m - 11 = -v. Suppose v*j + r - 60 = -13, 33 = 3*j - r. What is the tens digit of j?
1
Let h(n) = -5*n + 30. Let b be h(5). Let q = 49 + -49. Suppose -5*i = -q + b, -i + 68 = s. What is the tens digit of s?
6
Let v(x) = 311*x**3 - 2*x**2 + x + 1. Let u be v(1). Suppose n - 9 - 472 = 0. Suppose n = 9*q - u. What is the tens digit of q?
8
Suppose -5*c - 17830 = -5*j, 5*c + 3554 = -22*j + 23*j. What is the tens digit of j?
6
Suppose -83078 = -5*u - 2*x, -3*u + 6*x + 49826 = 2*x. What is the units digit of u?
4
What is the hundreds digit of (-5143)/(-2) + 13/26?
5
Let c(w) = 5*w**2 - 19*w + 5. Let z(v) = -v**3 + 6*v**2 - 5*v - 2. Let y be z(5). Let k = y - -8. What is the units digit of c(k)?
1
Let h(u) = -293*u - 116. What is the units digit of h(-100)?
4
Suppose 0 = 6651*b - 6600*b - 1073499. What is the hundreds digit of b?
0
Let u = -150 + 390. Suppose 8*g = -135 - 185. Let x = u + g. What is the hundreds digit of x?
2
Suppose 9*j = 14*j. Let g = j + -12. What is the units digit of (-6)/18 - 1312/g?
9
Let h(b) be the third derivative of -13*b**4/12 - 49*b**3/3 + 45*b**2 - 2. What is the tens digit of h(-13)?
4
Let m be (-2)/(-3) + (-221)/39 + 2105. Let n = m + -1239. What is the hundreds digit of n?
8
Let p(s) = -2*s**3 - 4*s**2 - 28*s - 197. What is the hundreds digit of p(-11)?
2
Let q(k) = k**2 - 40*k + 102. Let s be q(3). Let a(f) = f**3 + 10*f**2 - 9*f - 12. What is the hundreds digit of a(s)?
1
Let j = 75693 + -49167. What is the tens digit of j?
2
Let a(w) = 8*w**2 + 15*w - 17. Let f be a(-17). Suppose c - 2568 = -5*o, -3*o - o + 4*c = -f. What is the hundreds digit of o?
5
Let j = 43 + -36. Let w = -952 + 2896. Suppose -w +